er?
False
Let a = -103 + 104. Let k = a + 4836. Is k a composite number?
True
Suppose 12509 = d - 2*b, 10*d - 5*b = 14*d - 50036. Is d a composite number?
True
Suppose 0 = -2*p + 7*p - 970. Suppose 34*c = 36*c - p. Is c prime?
True
Let h be 6/10*(8 - 3) - -6793. Is h/10 + 2/(-20)*6 composite?
True
Let v = 8 - 6. Suppose 0 = -6*i - 45 - 93. Is i*(0/(-1) - v) prime?
False
Let z(q) = q**2 + 7*q + 5. Let o be z(-9). Let h = o - 142. Let m = -8 - h. Is m a prime number?
False
Let p = -2135 + 3308. Suppose 4*t + 916 = 4*v, -4*v - 2*t + p = v. Is v composite?
False
Suppose 14*r - 386747 + 68485 = 0. Is r a composite number?
True
Let z(s) = 2*s + 11. Let u be z(-6). Let n(g) = 1 - 5 + 0 - 67*g + 2. Is n(u) a composite number?
True
Let y = 1412 + -375. Let a = y + -594. Is a a prime number?
True
Let i = 1584 + 590. Is i composite?
True
Suppose -4*a + 5*o = 7*o - 50412, 0 = -2*o. Is a prime?
False
Suppose 2*u + 4*p = -p + 37, 66 = 3*u - 3*p. Suppose y + 6 = -5*c + u, -c + 12 = 2*y. Suppose 675 = c*r + 4*d + 33, -5*d - 314 = -r. Is r a composite number?
True
Suppose -4*u - l = -30680, 2*u + 9384 = -3*l + 24734. Is u a composite number?
False
Let n(b) = 2230*b + 203. Is n(3) a prime number?
False
Let r be (-1 - -27)*1/(-2). Let m(w) = -75*w + 8. Is m(r) prime?
True
Let y(g) = g**2 + 9*g - 22. Let h be y(-11). Suppose 0 = -3*o - 2*b + 663, -2*o + h*b = b - 442. Is o a prime number?
False
Is (159762/9)/(2/3) prime?
True
Suppose 0 = -6*a - 0*a + 18. Suppose -a*k - 6809 + 1695 = -4*c, 2562 = 2*c - 4*k. Is c composite?
False
Suppose 0*n + 3*n - 1699 = 4*z, 2*z = n - 563. Is n a prime number?
False
Let t be 1/2*0 + 0. Suppose 3*i - 3*k = -479 + 2339, -2*i - 3*k + 1240 = t. Suppose -i = 4*q - 8*q. Is q a prime number?
False
Let o(r) = -105*r**3 - 3*r + r**2 + 0*r**2 + 3*r - 1. Let i be o(-1). Let g = -20 + i. Is g prime?
False
Let j(a) = -a + 5. Let h be j(5). Suppose h = -2*d + d + 5, 3*z + 5*d = 2488. Is z composite?
False
Suppose 0 = 4*k + 82*k - 1165214. Is k composite?
True
Let l = -6 + 12. Suppose l*a - 4*a = 2. Is a - (2 + -4) - -7 a prime number?
False
Let i = -47 + 1090. Is i a prime number?
False
Let b(h) = -h**3 - 8*h**2 - 6*h + 9. Let a be b(-7). Suppose 0 = -2*x, -4*x - 879 = -5*r + a*r. Is r composite?
False
Suppose 4*y - 27136 = -2684. Is y a composite number?
False
Suppose 11*d - 15*d = -11756. Is d composite?
False
Let w = -208 + 196. Let p = -85 + 130. Let q = w + p. Is q a composite number?
True
Suppose 16107 = -19*o + 18*o. Is o/(-189) + 2/(-9) prime?
False
Suppose -7*h + 105294 = -271691. Is h a prime number?
False
Suppose 10*h - 19*h = -162. Suppose h*s - 418 - 4424 = 0. Is s composite?
False
Suppose 4*d - y = 3357, -y = -4*y + 9. Suppose 5*l - d = -5*h, -2*l + 286 + 44 = -4*h. Is l prime?
True
Suppose -6*t + 4*t - 238 = -2*r, 0 = 5*r - 3*t - 593. Suppose 6*b - 4 = 5*b. Suppose 390 + r = b*a. Is a composite?
False
Suppose 4*r + 39 = 5*o - 9, -12 = r + o. Suppose 0 = -2*w - w + 75. Let u = w - r. Is u composite?
False
Let u = 13089 - 9250. Is u a composite number?
True
Suppose q + 43*o = 47*o + 28195, 3*o = 5*q - 140992. Is q prime?
False
Let l(p) = -6*p - 18. Let o be l(-4). Suppose -o*k + 1163 = 449. Is k composite?
True
Suppose -49732 = -10*q + 50448. Suppose -10*u + 2052 = -q. Is u a prime number?
False
Let i be (-40)/(-12)*3/1. Suppose -i*p = p - 121. Is p a composite number?
False
Let s(w) = 3*w**2 + 12*w - 9. Let g be s(-4). Is 3500 + (g - -8)*(2 + -1) composite?
False
Suppose 0 = 236*p - 244*p + 31184. Is p a prime number?
False
Let q(v) be the first derivative of v**2/2 - v - 1. Let b(j) = -30*j + 13. Let o(k) = b(k) + 3*q(k). Is o(-11) prime?
True
Let t be 4*(12/(-8))/(-3). Suppose 821 + 135 = t*g. Is g a composite number?
True
Let j(p) = 1764*p**2 + 43*p - 81. Is j(2) composite?
True
Is 2/(-3 + -1) + (-191200)/(-64) a composite number?
True
Is (1/((-4)/(-8)) - -588) + -1 composite?
True
Let z(b) = -2561*b**2 - 8*b + 6. Let f(m) = 854*m**2 + 3*m - 2. Let c(q) = -17*f(q) - 6*z(q). Is c(-1) a prime number?
False
Let f(c) = c + 15. Let u be f(-3). Is (-3)/u + 10917/4 a prime number?
True
Let w(z) = -70*z + 34. Is w(-24) prime?
False
Suppose 0 = -o - 634 - 4602. Let r be 18/1*o/(-66). Suppose 0 = -5*l + 4837 + r. Is l composite?
True
Suppose 4*i = 16, 5*i - i = -r - 100. Let x be 6/(-3)*1/2. Is r*(x + 3/6) composite?
True
Suppose 3*q + 812 = -1858. Let c = -399 - q. Is c composite?
False
Let n(v) = 1601*v - 117. Is n(6) a prime number?
False
Let f(v) = 3*v**2 + 19*v + 9. Let x be f(10). Let u = x + 370. Is u prime?
False
Suppose 144 = 4*b - 4*a, 160 = -2*b + 6*b + 4*a. Is b composite?
True
Suppose 4*d - 5*y - 271 = d, -5*d + 390 = 4*y. Let x be 2/10 + d/(-10). Is (-153)/(-5) - x/20 composite?
False
Suppose -f + 1 = 0, -6*f = -n - 2*f + 655. Is n composite?
False
Is (-3)/(30/(-4))*25195 prime?
False
Suppose 0 = -q - 4*s + 19, 7*q = 2*q - 4*s + 95. Suppose 5*z + p - q = z, 4*z - 44 = 4*p. Is ((-2962)/z)/((-11)/33) a prime number?
True
Is (-51881)/(-13) + 2/13 prime?
False
Suppose 45*h - 57453 = 12*h. Is h composite?
False
Let g be (-1)/3 + (-2523)/(-9). Let h(v) = -3*v**2 - 4*v - 1. Let f be h(-8). Let y = f + g. Is y a prime number?
False
Suppose 0*k + j = k + 8, 0 = 2*j - 8. Let y be (k/(-10))/((-3)/(-615)). Let f = y - -133. Is f composite?
True
Let o be 2/(((-6)/26)/(-3)). Suppose -366*m + 362*m = -244. Let k = m - o. Is k prime?
False
Suppose -74942 = -4*b + 3*s - 11514, 2*b - 31714 = 3*s. Is b prime?
False
Let n be (0 + 2)/((-2)/3783). Is n*((-16)/12 + (-1)/(-1)) a prime number?
False
Let n be (120/14)/((-7)/98). Let x = 37 + n. Let f = -14 - x. Is f composite?
True
Let m = -20 - -24. Is 1002/m - (-2)/4 prime?
True
Let l(m) = 125*m - 16. Let z be l(7). Let n = z - 318. Is n a prime number?
True
Let h = 9 + -10. Let t be (-1 + 4)*h - -3. Suppose t = -5*b - 5*k + 193 - 33, b - 52 = 3*k. Is b prime?
True
Suppose -5*f - 2*z - 32 = 0, -5*f + 7*z - 4*z - 27 = 0. Is -6*f/18 + 189/1 composite?
False
Suppose 4*a + 3*d - 32 = 0, 5*a + 4*d - 45 = -d. Let z(k) = 39*k**3 - 4*k + 3. Let t be z(2). Suppose -a*m = -4*m - t. Is m prime?
True
Let p(u) = -u**3 - 5*u**2 + 13*u + 4. Suppose -5*y - 20 = 5*v, -2*v = 2*v + 12. Let m = y - 8. Is p(m) composite?
False
Let m(f) = -2*f + 40. Let q be m(13). Suppose -3*h + 5*a = -814, 5*a + q + 11 = 0. Is h prime?
True
Let t be 2 - -2*(0 - -1). Let k = t + -10. Is 1*254 - (k - -3) prime?
True
Suppose 5*m - 1717 = 17448. Suppose -3*u = -394 - m. Is u composite?
False
Let w(h) be the third derivative of h**4/24 - 3*h**3/2 + 6*h**2. Let u be w(9). Is (88 + 9)/(u + 1) a prime number?
True
Suppose 0 = -3*j + 8*j - 3635. Suppose -4*a - 2*y + j = -2051, 0 = -2*a - 5*y + 1369. Is a composite?
True
Let t(o) = 3*o + 7. Let i(q) = 2*q + 7. Let c(b) = 4*i(b) - 3*t(b). Let s be c(5). Suppose 0 = -s*h + 38 + 32. Is h a composite number?
True
Let k = 1932 - 1245. Let j = -358 + k. Is j a prime number?
False
Let m(w) = w**3 - 10*w**2 - w - 21. Is m(13) a prime number?
False
Suppose -2*l - 5*m = -143319, 11 - 36 = -5*m. Is l a composite number?
False
Let b = -62 + 37. Let v = b - -25. Suppose v*q + 211 = q. Is q a prime number?
True
Suppose 5*n + 5 = 0, -4*n + 5 = 4*g - 7. Suppose g*q + j = 800, 1041 = 5*q - 5*j + 16. Is q a prime number?
False
Let c be (-1 - 9/(-5))*285. Suppose z + 4*h + 3 = -5, -2*z + 2*h + 4 = 0. Suppose z = -3*u - u + c. Is u composite?
True
Suppose -2*o = 2*v - 3*o - 1987, 2*v - 1982 = -4*o. Is v composite?
True
Let s = -12866 + 22939. Is s prime?
False
Let t = -6842 - -14385. Is t a composite number?
True
Let a = 5882 + 6068. Let f = a + -7353. Is f prime?
True
Suppose -2*k + 5*p + 77778 = 0, 2*k - 5*k = p - 116701. Is k composite?
True
Let k be 3 - (-4344)/(-10) - 3/5. Let x = k + 1689. Is x a composite number?
True
Suppose 2*d - 2*j + 12 = 62, 0 = d - 2*j - 27. Suppose -25*h = -d*h - 1778. Is h prime?
False
Let q be (-1 + -1)/2*258/43. Is -2*(393/q + 0) a prime number?
True
Suppose 10*n + 84 = 17*n. Is (3309/n)/((-11)/(-44)) composite?
False
Suppose -4*v = -8 - 0. Suppose 8*i = v*i + 4170. Is i composite?
True
Let u(s) = -2*s**3 - 9*s**2 - 6*s. Let p be 2 - (-3 - -4 - 1). Suppose -p*o - 21 = -7. Is u(o) composite?
True
Let j = 100 + -97. Suppose -3*k + 2*b = -3351, -4*k + j*b = -0*k - 4468. Is k 